 18?
1
What is the thousands digit of 22846?
2
What is the units digit of 16245?
5
What is the thousands digit of 1250?
1
What is the units digit of 1329?
9
What is the thousands digit of 45105?
5
What is the hundreds digit of 307?
3
What is the tens digit of 629?
2
What is the hundreds digit of 378?
3
What is the hundreds digit of 121?
1
What is the thousands digit of 27350?
7
What is the units digit of 22588?
8
What is the tens digit of 9926?
2
What is the hundreds digit of 11236?
2
What is the hundreds digit of 3408?
4
What is the tens digit of 102701?
0
What is the tens digit of 4920?
2
What is the tens digit of 695?
9
What is the units digit of 38165?
5
What is the hundreds digit of 53440?
4
What is the hundreds digit of 1196?
1
What is the ten thousands digit of 155230?
5
What is the thousands digit of 15310?
5
What is the units digit of 6674?
4
What is the tens digit of 1008?
0
What is the ten thousands digit of 18674?
1
What is the units digit of 20?
0
What is the tens digit of 1592?
9
What is the hundreds digit of 29990?
9
What is the ten thousands digit of 22039?
2
What is the units digit of 839?
9
What is the tens digit of 4036?
3
What is the units digit of 437?
7
What is the units digit of 5915?
5
What is the units digit of 241?
1
What is the units digit of 68048?
8
What is the units digit of 3417?
7
What is the thousands digit of 4353?
4
What is the units digit of 4392?
2
What is the thousands digit of 72224?
2
What is the tens digit of 4042?
4
What is the thousands digit of 2356?
2
What is the units digit of 6447?
7
What is the units digit of 5424?
4
What is the thousands digit of 19127?
9
What is the tens digit of 1768?
6
What is the ten thousands digit of 64849?
6
What is the tens digit of 577?
7
What is the hundreds digit of 1371?
3
What is the tens digit of 31448?
4
What is the units digit of 64?
4
What is the hundreds digit of 7669?
6
What is the thousands digit of 17129?
7
What is the tens digit of 8765?
6
What is the units digit of 51435?
5
What is the units digit of 14477?
7
What is the tens digit of 735?
3
What is the tens digit of 256?
5
What is the thousands digit of 14064?
4
What is the units digit of 1947?
7
What is the thousands digit of 1977?
1
What is the tens digit of 1388?
8
What is the tens digit of 4860?
6
What is the ten thousands digit of 32717?
3
What is the units digit of 13049?
9
What is the ten thousands digit of 93300?
9
What is the units digit of 97661?
1
What is the tens digit of 434?
3
What is the thousands digit of 48991?
8
What is the hundred thousands digit of 142706?
1
What is the units digit of 18095?
5
What is the ten thousands digit of 16881?
1
What is the hundreds digit of 3520?
5
What is the hundreds digit of 4079?
0
What is the tens digit of 30059?
5
What is the hundreds digit of 18396?
3
What is the units digit of 4178?
8
What is the units digit of 8022?
2
What is the tens digit of 775?
7
What is the units digit of 164?
4
What is the thousands digit of 65634?
5
What is the units digit of 4214?
4
What is the thousands digit of 3016?
3
What is the thousands digit of 13365?
3
What is the units digit of 473?
3
What is the tens digit of 8911?
1
What is the units digit of 674?
4
What is the units digit of 70693?
3
What is the tens digit of 1075?
7
What is the units digit of 5864?
4
What is the thousands digit of 3768?
3
What is the hundreds digit of 16656?
6
What is the thousands digit of 4284?
4
What is the units digit of 18?
8
What is the hundreds digit of 1930?
9
What is the thousands digit of 3703?
3
What is the units digit of 1547?
7
What is the hundreds digit of 27092?
0
What is the units digit of 26465?
5
What is the tens digit of 2484?
8
What is the units digit of 88?
8
What is the hundreds digit of 16153?
1
What is the hundreds digit of 6152?
1
What is the hundreds digit of 4856?
8
What is the tens digit of 651?
5
What is the thousands digit of 5426?
5
What is the thousands digit of 13860?
3
What is the thousands digit of 4686?
4
What is the thousands digit of 6747?
6
What is the thousands digit of 19050?
9
What is the tens digit of 2180?
8
What is the units digit of 46?
6
What is the tens digit of 9409?
0
What is the ten thousands digit of 25047?
2
What is the tens digit of 36756?
5
What is the thousands digit of 8002?
8
What is the hundreds digit of 1806?
8
What is the hundreds digit of 21654?
6
What is the units digit of 335?
5
What is the hundreds digit of 73344?
3
What is the hundreds digit of 3772?
7
What is the units digit of 763?
3
What is the units digit of 6140?
0
What is the hundreds digit of 963?
9
What is the thousands digit of 2171?
2
What is the thousands digit of 1201?
1
What is the units digit of 2349?
9
What is the units digit of 77696?
6
What is the units digit of 1016?
6
What is the hundreds digit of 765?
7
What is the units digit of 103113?
3
What is the hundreds digit of 2072?
0
What is the units digit of 303?
3
What is the hundreds digit of 3598?
5
What is the hundreds digit of 45065?
0
What is the thousands digit of 3962?
3
What is the hundreds digit of 18082?
0
What is the thousands digit of 4322?
4
What is the tens digit of 3355?
5
What is the units digit of 190?
0
What is the hundreds digit of 21206?
2
What is the units digit of 5170?
0
What is the hundreds digit of 6601?
6
What is the hundreds digit of 291?
2
What is the thousands digit of 1063?
1
What is the units digit of 20644?
4
What is the units digit of 347?
7
What is the tens digit of 980?
8
What is the units digit of 3833?
3
What is the units digit of 2138?
8
What is the hundreds digit of 9957?
9
What is the thousands digit of 3270?
3
What is the units digit of 21418?
8
What is the tens digit of 215?
1
What is the hundreds digit of 2294?
2
What is the tens digit of 1404?
0
What is the tens digit of 7941?
4
What is the tens digit of 2490?
9
What is the units digit of 4158?
8
What is the hundreds digit of 4242?
2
What is the hundreds digit of 30789?
7
What is the thousands digit of 40930?
0
What is the units digit of 2402?
2
What is the hundreds digit of 8588?
5
What is the tens digit of 1508?
0
What is the ten thousands digit of 10408?
1
What is the hundreds digit of 60058?
0
What is the tens digit of 9195?
9
What is the thousands digit of 1260?
1
What is the tens digit of 96956?
5
What is the thousands digit of 2916?
2
What is the tens digit of 61?
6
What is the thousands digit of 2875?
2
What is the hundreds digit of 29726?
7
What is the hundreds digit of 3931?
9
What is the thousands digit of 1523?
1
What is the tens digit of 19590?
9
What is the hundreds digit of 8361?
3
What is the hundreds digit of 3437?
4
What is the units digit of 507?
7
What is the hundreds digit of 1428?
4
What is the thousands digit of 15016?
5
What is the units digit of 1155?
5
What is the tens digit of 78046?
4
What is the tens digit of 44650?
5
What is the thousands digit of 21726?
1
What is the units digit of 28987?
7
What is the thousands digit of 2189?
2
What is the hundred thousands digit of 110274?
1
What is the ten thousands digit of 40964?
4
What is the units digit of 1091?
1
What is the hundreds digit of 12666?
6
What is the units digit of 1140?
0
What is the hundreds digit of 57485?
4
What is the units digit of 311?
1
What is the units digit of 831?
1
What is the tens digit of 30059?
5
What is the tens digit of 131416?
1
What is the thousands digit of 2097?
2
What is the units digit of 338?
8
What is the thousands digit of 4282?
4
What is the tens digit of 32914?
1
What is the units digit of 5154?
4
What is the tens digit of 1187?
8
What is the hundreds digit of 8702?
7
What is the tens digit of 5006?
0
What is the hundreds digit of 7872?
8
What is the ten thousands digit of 57899?
5
What is the thousands digit of 12419?
2
What is the ten thousands digit of 13423?
1
What is the hundreds digit of 391?
3
What is the ten thousands digit of 80136?
8
What is the units digit of 389?
9
What is the hundreds digit of 5087?
0
What is the ten thousands digit of 23347?
2
What is the hundreds digit of 608?
6
What is the tens digit of 43?
4
What is the hundreds digit of 241?
2
What is the tens digit of 102?
0
What is the hundreds digit of 1138?
1
What is the thousands digit of 81631?
1
What is the units digit of 30990?
0
